 a composite number?
True
Is 4362271 composite?
True
Is 289710503 a composite number?
False
Is 2049899 a composite number?
True
Is 3161089 a composite number?
False
Is 406207 a prime number?
True
Is 158884543 a composite number?
False
Is 405196145 a prime number?
False
Is 1789367221 composite?
True
Is 484691 a prime number?
True
Is 4766789 a composite number?
True
Is 171240983 composite?
True
Is 380271 composite?
True
Is 32337871 a prime number?
False
Is 6910039 a composite number?
True
Is 110475181 composite?
True
Is 2037778 prime?
False
Is 7418071 a prime number?
True
Is 3518017 composite?
False
Is 2374797 a composite number?
True
Is 26353039 prime?
False
Is 82202101 a composite number?
False
Is 441387665 a prime number?
False
Is 38122961 composite?
False
Is 931967 prime?
True
Is 3495133 a prime number?
False
Is 41018581 a composite number?
False
Is 99366031 a prime number?
False
Is 555999649 prime?
True
Is 7926091 a prime number?
True
Is 54979693 a composite number?
False
Is 294146651 composite?
False
Is 1001967 composite?
True
Is 30477911 a composite number?
False
Is 90561409 a prime number?
False
Is 2818817 a composite number?
False
Is 1148046491 a composite number?
False
Is 169855487 composite?
False
Is 35327059 a prime number?
True
Is 163625687 composite?
False
Is 129205 a prime number?
False
Is 25073471 a prime number?
True
Is 13350833 a composite number?
True
Is 6274937 a composite number?
False
Is 4742503 prime?
False
Is 5533069 a prime number?
False
Is 866843 a composite number?
False
Is 114508937 a composite number?
False
Is 725177 prime?
False
Is 8475931 prime?
True
Is 8141117 a prime number?
True
Is 309505363 a composite number?
False
Is 3199291 composite?
False
Is 4687601 prime?
True
Is 904049 composite?
False
Is 78797639 a prime number?
False
Is 1671751 prime?
False
Is 63818981 prime?
True
Is 51080317 composite?
False
Is 247308365 prime?
False
Is 199608947 composite?
False
Is 21534479 composite?
False
Is 573329 a composite number?
False
Is 2159081 a composite number?
False
Is 11981 a prime number?
True
Is 3943619 a composite number?
True
Is 60366529 a composite number?
True
Is 6446569 prime?
True
Is 62594527 composite?
True
Is 820827511 composite?
True
Is 4525127 a composite number?
True
Is 3586987 a composite number?
True
Is 2588501 a prime number?
True
Is 6054005 a composite number?
True
Is 29999753 prime?
False
Is 770784767 prime?
False
Is 427992242 a prime number?
False
Is 33508015 prime?
False
Is 697555 composite?
True
Is 4564829 composite?
False
Is 5005258 a composite number?
True
Is 5811049 a prime number?
False
Is 15662993 a prime number?
False
Is 61019071 a prime number?
True
Is 9743911 composite?
True
Is 161113102 a composite number?
True
Is 31245583 a composite number?
True
Is 7633039 composite?
False
Is 54695227 a prime number?
False
Is 10618969 prime?
True
Is 28790581 a prime number?
False
Is 4293257 composite?
True
Is 102835169 composite?
True
Is 782611 a prime number?
True
Is 30252853 composite?
False
Is 4057111 a prime number?
True
Is 1406981 composite?
True
Is 6757393 prime?
True
Is 66504007 a composite number?
False
Is 258959 a prime number?
True
Is 21029483 composite?
False
Is 56690089 composite?
False
Is 66137 a prime number?
True
Is 1212802165 prime?
False
Is 1223267 a composite number?
True
Is 2242567 a composite number?
True
Is 868559 a composite number?
False
Is 1393562717 prime?
True
Is 31470703 a composite number?
True
Is 3299897 prime?
False
Is 43481369 prime?
True
Is 4488271 composite?
False
Is 5901209 composite?
False
Is 294890473 composite?
True
Is 30135817 a prime number?
False
Is 2001361 prime?
True
Is 3062479 a prime number?
False
Is 451477 prime?
False
Is 11965813 a composite number?
True
Is 13981573 prime?
True
Is 754933 composite?
True
Is 898097 a prime number?
True
Is 581080991 a prime number?
True
Is 79003 a prime number?
False
Is 910186 prime?
False
Is 46971854 a prime number?
False
Is 18625447 a prime number?
False
Is 49727539 a prime number?
True
Is 5611789 a prime number?
True
Is 90185037 composite?
True
Is 62730215 prime?
False
Is 21520799 composite?
False
Is 10496411 a prime number?
False
Is 130029457 composite?
True
Is 24181787 a prime number?
False
Is 64750753 prime?
True
Is 2101273 prime?
False
Is 61994407 a composite number?
True
Is 1820959 prime?
False
Is 2361089 prime?
True
Is 29469391 prime?
False
Is 18882667 a composite number?
False
Is 27254153 composite?
False
Is 193943447 prime?
False
Is 15736687 prime?
True
Is 16912409 prime?
False
Is 52077527 a composite number?
True
Is 867622135 a prime number?
False
Is 23227 a composite number?
False
Is 6623137 a prime number?
False
Is 26124613 composite?
False
Is 6043781 a prime number?
True
Is 3099 prime?
False
Is 10720709 composite?
False
Is 805463 composite?
False
Is 14655091 prime?
False
Is 27244669 prime?
True
Is 48714953 a composite number?
True
Is 3184403 composite?
True
Is 74043187 composite?
True
Is 18532843 prime?
False
Is 1511867 composite?
True
Is 6408299 composite?
False
Is 499013 a prime number?
False
Is 39923203 a prime number?
False
Is 2020027111 prime?
True
Is 5746123 a prime number?
True
Is 38020846 a composite number?
True
Is 1341007 a prime number?
True
Is 9607967 a composite number?
True
Is 68709779 composite?
False
Is 57217931 a composite number?
False
Is 625103 a composite number?
False
Is 1093633 composite?
False
Is 104186266 prime?
False
Is 5463287 composite?
False
Is 608069921 a composite number?
False
Is 36770498 prime?
False
Is 2186477 prime?
False
Is 4229507 a prime number?
False
Is 111269477 a prime number?
False
Is 8127719 a composite number?
False
Is 74521907 a composite number?
False
Is 65292445 a composite number?
True
Is 47715203 prime?
True
Is 11447089 composite?
False
Is 206317159 prime?
False
Is 6743873 composite?
False
Is 195132919 a composite number?
True
Is 32418421 prime?
False
Is 74885989 prime?
False
Is 74796971 a composite number?
True
Is 19090403 composite?
False
Is 1636093 a composite number?
True
Is 57151033 a prime number?
True
Is 8672891 composite?
False
Is 16117537 composite?
False
Is 10244029 a composite number?
True
Is 765363 prime?
False
Is 4786577 a prime number?
True
Is 10140811 prime?
False
Is 387920233 a composite number?
True
Is 13038821 composite?
True
Is 21586567 a prime number?
True
Is 295933 composite?
True
Is 265969519 a composite number?
False
Is 658751 composite?
False
Is 257239273 a composite number?
False
Is 116343401 prime?
True
Is 210130103 prime?
True
Is 48148333 composite?
False
Is 128781769 a composite number?
False
Is 36953077 prime?
False
Is 325956161 a composite number?
True
Is 21708611 a composite number?
False
Is 12740423 a prime number?
True
Is 47813533 a prime number?
True
Is 33701677 a prime number?
True
Is 789827 composite?
True
Is 337789381 prime?
False
Is 1296679 composite?
False
Is 20160797 composite?
False
Is 520867 a composite number?
False
Is 110555431 a prime number?
False
Is 1618203 a prime number?
False
Is 16653551 prime?
True
Is 91232327 a composite number?
True
Is 390679 composite?
True
Is 187334291 composite?
False
Is 11149927 a composite number?
False
Is 21772129 composite?
True
Is 19419073 composite?
False
Is 1583123 prime?
False
Is 255043 prime?
True
Is 7582297 prime?
False
Is 155465269 a prime number?
True
Is 537790606 composite?
True
Is 3329149 composite?
True
Is 350569 a prime number?
False
Is 1053233 a composite number?
False
Is 446696482 prime?
False
Is 40637 a prime number?
True
Is 13798489 a prime number?
True
Is 14535883 composite?
False
Is 3514697 a prime number?
True
Is 54927893 a prime number?
False
Is 53522177 a prime number?
True
Is 8806177 prime?
False
Is 46303139 composite?
False
Is 2230427 a composite number?
True
Is 779491 prime?
False
Is 13580743 a prime number?
False
Is 111893 a composite number?
False
Is 8835863 prime?
True
Is 328019 prime?
False
Is 29148607 composite?
False
Is 9097051 composite?
True
Is 146963959 prime?
True
Is 2079613 prime?
False
Is 1324036481 a prime number?
False
Is 22461839 a composite number?
False
Is 164612857 prime?
True
Is 119790779 a prime number?
True
Is 2888162 composite?
True
Is 53826737 a prime number?
False
Is 326797 composite?
True
Is 219540883 composite?
True
Is 12475139 a prime nu